{"id":131,"date":"2023-11-26T20:14:07","date_gmt":"2023-11-26T20:14:07","guid":{"rendered":"https:\/\/shop.sknereus.se\/?post_type=product&#038;p=131"},"modified":"2025-05-23T08:51:16","modified_gmt":"2025-05-23T08:51:16","slug":"linne","status":"publish","type":"product","link":"https:\/\/shop.sknereus.se\/?product=linne","title":{"rendered":"Linne"},"content":{"rendered":"<ul>\n<li>Material: 100% polyester<\/li>\n<li>Vikt: 140 g\/m\u00b2<\/li>\n<li>Dubbels\u00f6m runt hals och \u00e4rm\u00f6ppning<\/li>\n<li>Wordlwide Responsible Accredited Production (WRAP) certifierad produktion.<\/li>\n<\/ul>\n<p><a href=\"https:\/\/profilewear.se\/image\/catalog\/brands\/AWDis\/just_cool_specifications\/awdis_just_cool_JC007_storlekstabell.pdf\" target=\"_blank\" rel=\"noopener\">Storlekstabell<\/a><\/p>\n<p><a href=\"https:\/\/profilewear.se\/image\/\/catalog\/brands\/AWDis\/just_cool_specifications\/AWDIS_how_to_measure_guide.pdf\" target=\"_blank\" rel=\"noopener\">Storleksguide<\/a><\/p>\n","protected":false},"excerpt":{"rendered":"<p>Material: 100% polyester Vikt: 140 g\/m\u00b2 Dubbels\u00f6m runt hals och \u00e4rm\u00f6ppning Wordlwide Responsible Accredited Production (WRAP) certifierad produktion. Storlekstabell Storleksguide<\/p>\n","protected":false},"featured_media":39,"comment_status":"open","ping_status":"closed","template":"","meta":[],"product_cat":[33],"product_tag":[],"_links":{"self":[{"href":"https:\/\/shop.sknereus.se\/index.php?rest_route=\/wp\/v2\/product\/131"}],"collection":[{"href":"https:\/\/shop.sknereus.se\/index.php?rest_route=\/wp\/v2\/product"}],"about":[{"href":"https:\/\/shop.sknereus.se\/index.php?rest_route=\/wp\/v2\/types\/product"}],"replies":[{"embeddable":true,"href":"https:\/\/shop.sknereus.se\/index.php?rest_route=%2Fwp%2Fv2%2Fcomments&post=131"}],"wp:featuredmedia":[{"embeddable":true,"href":"https:\/\/shop.sknereus.se\/index.php?rest_route=\/wp\/v2\/media\/39"}],"wp:attachment":[{"href":"https:\/\/shop.sknereus.se\/index.php?rest_route=%2Fwp%2Fv2%2Fmedia&parent=131"}],"wp:term":[{"taxonomy":"product_cat","embeddable":true,"href":"https:\/\/shop.sknereus.se\/index.php?rest_route=%2Fwp%2Fv2%2Fproduct_cat&post=131"},{"taxonomy":"product_tag","embeddable":true,"href":"https:\/\/shop.sknereus.se\/index.php?rest_route=%2Fwp%2Fv2%2Fproduct_tag&post=131"}],"curies":[{"name":"wp","href":"https:\/\/api.w.org\/{rel}","templated":true}]}}